factor of 124 and 62?
62
Calculate the greatest common divisor of 100 and 4.
4
Calculate the highest common factor of 42 and 114.
6
Calculate the highest common factor of 50 and 450.
50
Calculate the highest common divisor of 505 and 303.
101
What is the highest common divisor of 16822 and 78?
26
Calculate the highest common factor of 81 and 99.
9
Calculate the greatest common divisor of 95 and 7505.
95
Calculate the greatest common factor of 340 and 7650.
170
What is the highest common factor of 152 and 19?
19
Calculate the highest common factor of 756 and 837.
27
What is the greatest common factor of 1298 and 44?
22
What is the greatest common factor of 689 and 1537?
53
What is the greatest common divisor of 1092 and 858?
78
What is the highest common divisor of 5649 and 42?
21
What is the highest common divisor of 645 and 5?
5
What is the highest common divisor of 35 and 42?
7
What is the highest common divisor of 155 and 10881?
31
What is the highest common divisor of 46 and 24058?
46
Calculate the highest common divisor of 57 and 912.
57
What is the greatest common divisor of 35 and 1015?
35
Calculate the greatest common divisor of 52 and 2951.
13
What is the highest common divisor of 780 and 768?
12
Calculate the greatest common factor of 315 and 140.
35
What is the greatest common divisor of 24 and 139224?
24
What is the highest common divisor of 516 and 344?
172
Calculate the greatest common factor of 77 and 5159.
77
What is the highest common factor of 2117 and 1679?
73
What is the highest common factor of 1727 and 11?
11
Calculate the highest common factor of 174 and 2001.
87
What is the greatest common divisor of 41 and 3239?
41
Calculate the highest common divisor of 169 and 13.
13
Calculate the greatest common divisor of 2 and 634.
2
Calculate the highest common divisor of 346 and 22.
2
What is the highest common factor of 378 and 7?
7
What is the greatest common factor of 765 and 3?
3
Calculate the greatest common divisor of 4 and 881.
1
What is the highest common divisor of 6 and 1620?
6
What is the highest common divisor of 56 and 154?
14
What is the greatest common divisor of 13 and 514?
1
Calculate the greatest common divisor of 24592 and 16.
16
What is the highest common factor of 91 and 351?
13
What is the highest common factor of 69 and 161?
23
What is the greatest common divisor of 125 and 31375?
125
What is the greatest common factor of 2440 and 4?
4
What is the greatest common divisor of 407 and 37?
37
What is the highest common factor of 10027 and 74?
37
Calculate the highest common factor of 18 and 846.
18
Calculate the highest common factor of 506 and 22.
22
Calculate the greatest common divisor of 23264 and 32.
32
Calculate the greatest common divisor of 36 and 3024.
36
Calculate the greatest common factor of 774 and 20382.
258
What is the highest common factor of 361 and 19?
19
What is the greatest common factor of 1603 and 91?
7
What is the greatest common divisor of 6858 and 54?
54
What is the highest common divisor of 294 and 2156?
98
What is the highest common divisor of 156 and 36296?
52
What is the highest common divisor of 8 and 5864?
8
What is the highest common divisor of 885 and 3?
3
Calculate the highest common divisor of 12 and 20.
4
What is the greatest common factor of 9570 and 30?
30
What is the greatest common divisor of 63 and 1953?
63
Calculate the greatest common factor of 53 and 31.
1
What is the greatest common divisor of 154 and 88?
22
What is the highest common divisor of 136 and 1921?
17
What is the greatest common factor of 213 and 994?
71
What is the highest common divisor of 5533 and 11?
11
Calculate the greatest common divisor of 1003 and 1105.
17
Calculate the highest common divisor of 949 and 247.
13
Calculate the highest common factor of 2257 and 111.
37
What is the highest common factor of 20 and 2256?
4
Calculate the greatest common divisor of 1144 and 312.
104
What is the highest common divisor of 104 and 624?
104
What is the highest common factor of 132 and 4873?
11
What is the highest common factor of 3887 and 1521?
169
What is the highest common factor of 21588 and 112?
28
What is the greatest common factor of 19896 and 72?
24
What is the greatest common divisor of 8 and 736?
8
Calculate the highest common divisor of 1104 and 92.
92
Calculate the greatest common divisor of 16 and 16.
16
Calculate the highest common divisor of 84 and 5572.
28
Calculate the highest common divisor of 356 and 9078.
178
Calculate the highest common factor of 12 and 2202.
6
Calculate the greatest common divisor of 7740 and 150.
30
What is the greatest common factor of 117 and 11349?
117
Calculate the highest common divisor of 54 and 144.
18
Calculate the greatest common factor of 564 and 376.
188
What is the greatest common divisor of 624 and 528?
48
What is the greatest common divisor of 10 and 890?
10
Calculate the highest common factor of 663 and 169.
13
What is the greatest common divisor of 77 and 66?
11
What is the greatest common divisor of 105 and 14?
7
What is the greatest common factor of 10 and 90?
10
Calculate the greatest common divisor of 2 and 9.
1
Calculate the highest common factor of 129 and 86.
43
Calculate the highest common factor of 1408 and 48.
16
Calculate the greatest common factor of 24 and 120.
24
Calculate the greatest common divisor of 51 and 12.
3
Calculate the highest common divisor of 120 and 3210.
30
What is the greatest common factor of 37 and 629?
37
What is the greatest common divisor of 2940 and 60?
60
What is the greatest common factor of 2236 and 1548?
172
Calculate the highest common divisor of 133 and 469.
7
What is the greatest common divisor of 47 and 6?
1
Calculate the greatest common divisor of 102 and 4148.
34
Calculate the highest common divisor of 8460 and 40.
20
What is the greatest common factor of 17 and 119?
17
What is the greatest common factor of 1417 and 1635?
109
Calculate the highest common divisor of 329 and 21.
7
Calculate the highest common divisor of 182 and 4914.
182
What is the greatest common factor of 42 and 189?
21
Calculate the greatest common factor of 2 and 50.
2
Calculate the greatest common factor of 288 and 3600.
144
What is the highest common factor of 88 and 187?
11
Calculate the greatest common divisor of 49 and 2254.
49
Calculate the greatest common divisor of 102 and 1258.
34
Calculate the highest common factor of 188 and 141.
47
What is the greatest common divisor of 50 and 50?
50
What is the highest common factor of 118 and 1357?
59
Calculate the greatest common factor of 11 and 660.
11
Calculate the greatest common divisor of 444 and 12.
12
What is the greatest common divisor of 682 and 22?
22
What is the greatest common divisor of 2907 and 9?
9
What is the highest common factor of 116 and 174?
58
What is the greatest common factor of 18 and 44424?
18
Calculate the greatest common factor of 578 and 51.
17
What is the highest common divisor of 68 and 28?
4
Calculate the greatest common divisor of 594 and 176.
22
Calculate the greatest common factor of 7968 and 192.
96
What is the highest common divisor of 588 and 36?
12
Calculate the greatest common factor of 11450 and 50.
50
What is the greatest common factor of 2037 and 336?
21
Calculate the greatest common divisor of 25 and 1075.
25
What is the highest common factor of 2888 and 912?
152
Calculate the greatest common factor of 30 and 885.
15
Calculate the highest common factor of 310 and 10.
10
Calculate the greatest common factor of 954 and 424.
106
What is the greatest common factor of 13531 and 7?
7
Calculate the greatest common factor of 106 and 53.
53
Calculate the greatest common divisor of 10352 and 16.
16
What is the greatest common factor of 3 and 9?
3
Calculate the highest common factor of 8930 and 494.
38
What is the greatest common factor of 350 and 150?
50
Calculate the highest common factor of 2 and 6444.
2
What is the highest common divisor of 10991 and 29?
29
What is the greatest common factor of 9 and 3177?
9
What is the greatest common factor of 320 and 3040?
160
What is the greatest common factor of 12 and 6?
6
Calculate the greatest common divisor of 123 and 451.
41
Calculate the greatest common divisor of 47 and 1739.
47
Calculate the greatest co